ts digit of (113 - -4) + (-2 - z)?
4
Let h(c) = -31*c**2 + 8*c + 3. Let z(q) = -186*q**2 + 50*q + 18. Let i(m) = -13*h(m) + 2*z(m). What is the thousands digit of i(-6)?
1
Let i(p) = 2*p**2 + 2*p - 10. Let h be i(2). Suppose 535 + 320 = 5*c - 5*z, h*z + 514 = 3*c. What is the hundreds digit of c?
1
Let a(w) = -105*w**2 + 42*w - 57. Let l(x) = -15*x**2 + 6*x - 8. Let p be (3 + (-21)/9)/(1/3). Let s(j) = p*a(j) - 15*l(j). What is the units digit of s(3)?
3
What is the ten thousands digit of (-21 + 1122/55)/((-1)/17705)?
1
Let q = 31894 + -21230. What is the ten thousands digit of q?
1
Let x = -10505 - -17105. What is the tens digit of x?
0
Suppose -48 = 9*g - 17*g. What is the units digit of 1 + g/(-4) - 4137/(-6)?
9
Let z be (1/(-4))/(6 + (-26980)/4496). Suppose -u - 121 = -z. What is the units digit of u?
0
Suppose -15*r + 15869 = -26*r + 18*r. What is the tens digit of r?
6
Let r(c) = 2*c**2 + 114*c + 1886. What is the units digit of r(-14)?
2
Suppose 67 + 1741 = 4*x. Let w = x - 19. What is the units digit of w?
3
Let x(l) = -l + 3. Let y be x(-6). Let g = 1092 + -985. Let q = g - y. What is the tens digit of q?
9
Let l = 104 + -100. Let z(b) = b + 1. Let x(i) = 60*i + 3. Let m(t) = l*z(t) + x(t). What is the tens digit of m(2)?
3
Let s(u) = 5*u**2 + 8*u + 396. What is the hundreds digit of s(-35)?
2
Suppose -11*s - 6*s + s = -392240. What is the thousands digit of s?
4
Suppose -4*j + 88 + 0 = 0. Suppose -j = 10*r - 9*r. What is the tens digit of 2 - ((-9)/3 + r)?
2
Let d = -8 - -52. Let z = d + -27. Suppose -6*r = -61 - z. What is the units digit of r?
3
Let j = 406 + -404. Suppose -5*t + 2676 = j*o, -3*t - 5*o - 309 = -1926. What is the tens digit of t?
3
Suppose 13*o = -9*o + 3*o + 698896. What is the hundreds digit of o?
7
Let o be ((-1)/(-2) + 1/(-6))*9. Suppose 399 = 4*d - 3*t - 159, o*t + 6 = 0. Suppose -3*w + 5*z = -d, -3*w = -4*z + 3*z - 126. What is the tens digit of w?
4
Let v = -7113 + 15723. What is the units digit of v?
0
What is the units digit of (1614/(-10))/((-189)/(-900) + 3/(-12))?
5
What is the hundreds digit of 209/44 - 5 - 3459/(-12)?
2
Let g = 37 + -35. Let q(y) = 132*y**3 - 133*y**3 + 8*y**g + 9*y + 13 - 1. What is the units digit of q(9)?
2
What is the tens digit of 9 + (2/((-6)/9) - -11356)?
6
Let s = 1475 - 501. Suppose 4*x + 5*b - 1939 = 0, -6*x + 8*x + 4*b = s. Let h = x + -206. What is the hundreds digit of h?
2
Suppose -3*q = -3*x + 3, -2*x = 5*q + 11 - 41. Let a(v) = 97*v**2 + 16*v - 57. What is the tens digit of a(q)?
5
Let h = -122 + 215. Let f = -134 + h. Let m = 55 + f. What is the tens digit of m?
1
Suppose 3*o - 82652 = -4*j, 0 = -o + 3*j + 13635 + 13946. What is the ten thousands digit of o?
2
Suppose -16*p - 59*p = -234016 - 461759. What is the thousands digit of p?
9
What is the tens digit of ((4096/(-4))/(-16))/((-1492)/(-298) + -5)?
3
Let i(v) = 143*v - 1. Let w(a) = -115*a + 79*a + 3 - 537*a. Let z(j) = 15*i(j) + 4*w(j). What is the tens digit of z(-1)?
4
Let s(j) = j**2 - 8*j + 15. Suppose 28 = r - 0*r - 3*l, -l - 76 = -2*r. Let h = r + -29. What is the tens digit of s(h)?
4
Let z = 17564 - 9005. What is the thousands digit of z?
8
Let p = -13587 + 61151. What is the tens digit of p?
6
Let o = 33002 + -21657. What is the hundreds digit of o?
3
Let y = -314 - -314. Suppose 0 = -2*j - 19 + 29, y = 5*k + j - 2890. What is the tens digit of k?
7
Suppose 264634 = 41*o + 156559 - 445753. What is the ten thousands digit of o?
1
Suppose 5*r - 4*m - 62600 = m, 0 = -m + 1. What is the tens digit of r?
2
Let z(u) = u**2 + 14*u - 11. Let x be (-2)/8 + -2*177/24. Let l be z(x). Suppose 5*h - 396 + 80 = -l*k, 0 = -2*h. What is the tens digit of k?
7
Let o(v) = -v**3 + 7*v**2 + 3. Let j be o(7). Let b = -1 + j. Suppose -4*r + 58 = b*w, w - 11 = 4*r + 48. What is the units digit of w?
9
Let f be 5/(125/(-335)) - 4/(-10). Let q = -10 - f. Suppose q*v + 5*w = -2*v + 320, 280 = 5*v - 3*w. What is the tens digit of v?
5
Suppose 35*c - 53776 = 19*c. Suppose -5*v - 5*i + 3240 = 0, 4*i + c = 5*v + 166. What is the tens digit of v?
4
Let r(f) = 2. Let o(w) = -4*w**2 - 32*w + 3. Let c(x) = -o(x) - 4*r(x). What is the hundreds digit of c(-14)?
3
Let u(w) be the third derivative of -35*w**4/6 + 5*w**3/6 + w**2 - 8. What is the hundreds digit of u(-1)?
1
Let g be (-1)/(-5) + 66/(-55) + 1. Suppose 0 = 3*p - 6*d + d - 2036, g = -5*p + 3*d + 3372. What is the hundreds digit of p?
6
Suppose 4*s = 3*s - 47. Let u = -42 - s. Suppose -2*d = o - 3*o - 250, u*o - 335 = -3*d. What is the tens digit of d?
2
What is the hundreds digit of (21020/12)/(2 - 10/6)?
2
Suppose -9*u = -25*u - 592. Let v(b) = -b**3 - 35*b**2 + 56*b + 51. What is the hundreds digit of v(u)?
7
Suppose 10697 - 1766 = 13*q. What is the tens digit of q?
8
Let r(b) = b - 6. Suppose -24 = 3*g - 7*g. Let z be r(g). What is the tens digit of z + (4 - 8) + 50?
4
Suppose 7*u - 16 = -2. Let q(j) = -7*j + 3 + 6 - u*j + 0*j. What is the units digit of q(-11)?
8
What is the units digit of (-14)/(-5)*44089340/3836?
2
Suppose 8042101 - 2917337 + 9477700 = 216*o. What is the tens digit of o?
0
Suppose c + 15*l - 12*l = 0, 0 = -c - 4*l. What is the tens digit of (-113 + 78)/(c - 1)?
3
What is the thousands digit of (-574 - 6)*57*1/(-6)?
5
Let d be (2 + 5)*(-228)/14. Let s = 1106 + -1232. Let u = d - s. What is the units digit of u?
2
What is the units digit of (-1*1 - (-15524)/12)/((-18)/(-54))?
8
Suppose -5*v + 5*i + 111335 = 0, 49*v - 45*v - 3*i - 89066 = 0. What is the hundreds digit of v?
2
Suppose -138*w - 4768710 + 13599114 = 60*w. What is the tens digit of w?
9
Let t = 19653 + -13507. What is the hundreds digit of t?
1
Suppose -2*g + 3*u + 12 = 2, 2*u = 2*g - 10. Suppose -10*z + 5*z + 1525 = d, -d = -g. What is the tens digit of z?
0
Suppose 0 = -121*l + 163*l - 213318. What is the thousands digit of l?
5
Let j be 2 + 2 + 11 + -3 + -5. Suppose j*i - 8330 = -7*i. What is the tens digit of i?
9
Let s = 46001 + -7198. What is the thousands digit of s?
8
Let f be ((-9)/6)/(12/(-80)). Suppose -401 = -f*n + 2609. Suppose 0 = 3*j + 3*w - 240, -3*w - n = -5*j + 107. What is the units digit of j?
1
Let f = 14 + -11. Suppose 0 = -f*u + 152 - 8. What is the tens digit of (-2 + -3 + u)*1?
4
Let s = -1241 - -14827. What is the units digit of s?
6
Let l = -4346 - -11455. What is the thousands digit of l?
7
Let v(t) be the second derivative of -13*t**5/40 + 5*t**4/3 + 5*t**3 + 30*t. Let r(f) be the second derivative of v(f). What is the tens digit of r(-4)?
9
Suppose 2*v = -2, 6*j = 8*j + 2*v - 24. Suppose -1340 = -j*l + 3145. What is the tens digit of l?
4
Let w(t) be the second derivative of t**3 + 6*t**2 - 10*t. Let o be (-10)/(-2) - (-11 - -10). What is the units digit of w(o)?
8
Let p = -30 + 43. Let x = p + -24. What is the units digit of (-1)/((-33)/x + 338/(-112))?
6
Let f be -19 + -444 + -2 + 0. What is the units digit of 10/5 + 0 - 5 - f?
2
Let q(x) = 12*x - 2. Let i(f) = f**2 + f - 5. Let h be i(-4). Suppose 1 = -2*r - h, -4*n + 3*r + 36 = 0. What is the units digit of q(n)?
0
Suppose 27*l + 52632 = 63*l. What is the tens digit of l?
6
Suppose 4*f = -n + 2*f + 12, 3*n - f - 15 = 0. Suppose -n*g = -611 - 199. What is the hundreds digit of g?
1
Let r(u) = -7*u + 16. Let v(d) = -10*d - 5. Let m be v(-2). Let y = m - 20. What is the tens digit of r(y)?
5
Let q be 5/(15/6) - -145. Let j = 34 + q. What is the units digit of j?
1
Suppose -2*y - 4*f = 4, 0 = -2*y + f + 3*f + 20. What is the hundreds digit of 3 + 991 + y + -2?
9
Let n be -18 + -3 + 4 + 1. Let w be (((-36)/n)/9)/(3/2532). Suppose -3*s - s = 20, 3*d = -s + w. What is the units digit of d?
2
Suppose -3*t = -2*m + 75988, 60*m + 151964 = 64*m - 3*t. What is the tens digit of m?
8
Let j = 243 - 115. Let w = -124 + j. What is the units digit of -2 + 9 + -9 + w?
2
Suppose 6807 = 4*j - 5*s, -2*j - j - 5*s + 5114 = 0. Suppose -6*b = -3109 - j. What is the tens digit of b?
0
Suppose 4573 + 2029 = 2*s + 5*g, -s + 3323 = -3*g. Suppose j = 3*z - 2493, -34*z + 38*z + 3*j - s = 0. What is the units digit of z?
0
Let z be (-46)/(-11) + (-20)/110. Suppose k = 5*l - 1302, -5*l = -3*k + z*k - 1308. What is the units digit of l?
1
Let h = -53 - -102. Let b be 5/((-186)/(-30) + -6). Let j = b + h. What is the units digit of j?
4
Let r 